[INFO] fetching crate wasm-reader 0.2.0...
[INFO] building wasm-reader-0.2.0 against master#ff34b919075f35a1787659e9c448a34b06bab8de for issue-85264
[INFO] extracting crate wasm-reader 0.2.0 into /workspace/builds/worker-9/source
[INFO] validating manifest of crates.io crate wasm-reader 0.2.0 on toolchain ff34b919075f35a1787659e9c448a34b06bab8de
[INFO] running `Command { std: "/workspace/cargo-home/bin/cargo" "+ff34b919075f35a1787659e9c448a34b06bab8de" "metadata" "--manifest-path" "Cargo.toml" "--no-deps", kill_on_drop: false }`
[INFO] started tweaking crates.io crate wasm-reader 0.2.0
[INFO] finished tweaking crates.io crate wasm-reader 0.2.0
[INFO] tweaked toml for crates.io crate wasm-reader 0.2.0 written to /workspace/builds/worker-9/source/Cargo.toml
[INFO] running `Command { std: "/workspace/cargo-home/bin/cargo" "+ff34b919075f35a1787659e9c448a34b06bab8de" "generate-lockfile" "--manifest-path" "Cargo.toml" "-Zno-index-update", kill_on_drop: false }`
[INFO] running `Command { std: "/workspace/cargo-home/bin/cargo" "+ff34b919075f35a1787659e9c448a34b06bab8de" "fetch" "--manifest-path" "Cargo.toml", kill_on_drop: false }`
[INFO] running `Command { std: "docker" "create" "-v" "/var/lib/crater-agent-workspace/builds/worker-9/target:/opt/rustwide/target:rw,Z" "-v" "/var/lib/crater-agent-workspace/builds/worker-9/source:/opt/rustwide/workdir:ro,Z" "-v" "/var/lib/crater-agent-workspace/cargo-home:/opt/rustwide/cargo-home:ro,Z" "-v" "/var/lib/crater-agent-workspace/rustup-home:/opt/rustwide/rustup-home:ro,Z" "-e" "SOURCE_DIR=/opt/rustwide/workdir" "-e" "CARGO_TARGET_DIR=/opt/rustwide/target" "-e" "CARGO_HOME=/opt/rustwide/cargo-home" "-e" "RUSTUP_HOME=/opt/rustwide/rustup-home" "-w" "/opt/rustwide/workdir" "-m" "1610612736" "--user" "0:0" "--network" "none" "ghcr.io/rust-lang/crates-build-env/linux@sha256:20528e8c29e4536546f0102ce88568b16ea7538393a33fcca951030f7af10457" "/opt/rustwide/cargo-home/bin/cargo" "+ff34b919075f35a1787659e9c448a34b06bab8de" "metadata" "--no-deps" "--format-version=1", kill_on_drop: false }`
[INFO] [stdout] 0141bf9edba521b984fa88ef107870e85422c5262db321c80341c1935114d775
[INFO] [stderr] WARNING: Your kernel does not support swap limit capabilities or the cgroup is not mounted. Memory limited without swap.
[INFO] running `Command { std: "docker" "start" "-a" "0141bf9edba521b984fa88ef107870e85422c5262db321c80341c1935114d775", kill_on_drop: false }`
[INFO] running `Command { std: "docker" "inspect" "0141bf9edba521b984fa88ef107870e85422c5262db321c80341c1935114d775", kill_on_drop: false }`
[INFO] running `Command { std: "docker" "rm" "-f" "0141bf9edba521b984fa88ef107870e85422c5262db321c80341c1935114d775", kill_on_drop: false }`
[INFO] [stdout] 0141bf9edba521b984fa88ef107870e85422c5262db321c80341c1935114d775
[INFO] running `Command { std: "docker" "create" "-v" "/var/lib/crater-agent-workspace/builds/worker-9/target:/opt/rustwide/target:rw,Z" "-v" "/var/lib/crater-agent-workspace/builds/worker-9/source:/opt/rustwide/workdir:ro,Z" "-v" "/var/lib/crater-agent-workspace/cargo-home:/opt/rustwide/cargo-home:ro,Z" "-v" "/var/lib/crater-agent-workspace/rustup-home:/opt/rustwide/rustup-home:ro,Z" "-e" "SOURCE_DIR=/opt/rustwide/workdir" "-e" "CARGO_TARGET_DIR=/opt/rustwide/target" "-e" "CARGO_INCREMENTAL=0" "-e" "RUST_BACKTRACE=full" "-e" "RUSTFLAGS=--cap-lints=forbid" "-e" "CARGO_HOME=/opt/rustwide/cargo-home" "-e" "RUSTUP_HOME=/opt/rustwide/rustup-home" "-w" "/opt/rustwide/workdir" "-m" "1610612736" "--user" "0:0" "--network" "none" "ghcr.io/rust-lang/crates-build-env/linux@sha256:20528e8c29e4536546f0102ce88568b16ea7538393a33fcca951030f7af10457" "/opt/rustwide/cargo-home/bin/cargo" "+ff34b919075f35a1787659e9c448a34b06bab8de" "build" "--frozen" "--message-format=json", kill_on_drop: false }`
[INFO] [stdout] 0c1c203bf3c7fb985d69be17eecefd49e6a0d8dd032dc0ab4ec59caad582a4f5
[INFO] [stderr] WARNING: Your kernel does not support swap limit capabilities or the cgroup is not mounted. Memory limited without swap.
[INFO] running `Command { std: "docker" "start" "-a" "0c1c203bf3c7fb985d69be17eecefd49e6a0d8dd032dc0ab4ec59caad582a4f5", kill_on_drop: false }`
[INFO] [stderr]    Compiling proc-macro2 v1.0.27
[INFO] [stderr]    Compiling unicode-xid v0.2.2
[INFO] [stderr]    Compiling syn v1.0.72
[INFO] [stderr]    Compiling autocfg v1.0.1
[INFO] [stderr]    Compiling cc v1.0.68
[INFO] [stderr]    Compiling libc v0.2.95
[INFO] [stderr]    Compiling adler v1.0.2
[INFO] [stderr]    Compiling gimli v0.24.0
[INFO] [stderr]    Compiling rustc-demangle v0.1.19
[INFO] [stderr]    Compiling object v0.24.0
[INFO] [stderr]    Compiling convert_case v0.4.0
[INFO] [stderr]    Compiling frunk_core v0.3.2
[INFO] [stderr]    Compiling wasmparser v0.51.4
[INFO] [stderr]    Compiling byteorder v1.4.3
[INFO] [stderr]    Compiling miniz_oxide v0.4.4
[INFO] [stderr]    Compiling auto_enums_derive v0.7.12
[INFO] [stderr]    Compiling quote v1.0.9
[INFO] [stderr]    Compiling backtrace v0.3.59
[INFO] [stderr]    Compiling wasm-reader-traits v0.1.1
[INFO] [stderr]    Compiling addr2line v0.15.1
[INFO] [stderr]    Compiling synstructure v0.12.4
[INFO] [stderr]    Compiling derive_utils v0.11.2
[INFO] [stderr]    Compiling derive_utils v0.9.1
[INFO] [stderr]    Compiling failure_derive v0.1.8
[INFO] [stderr]    Compiling auto_enums_core v0.7.12
[INFO] [stderr]    Compiling derive_more v0.99.14
[INFO] [stderr]    Compiling derive-parse v0.1.0
[INFO] [stderr]    Compiling failure v0.1.8
[INFO] [stderr]    Compiling auto_enums v0.7.12
[INFO] [stderr]    Compiling wasm-reader v0.2.0 (/opt/rustwide/workdir)
[INFO] [stdout] error[E0658]: `impl Trait` in type aliases is unstable
[INFO] [stdout]   --> src/operations.rs:83:19
[INFO] [stdout]    |
[INFO] [stdout] 83 |     type Parser = impl Parser<Item = Self, Next = (), Error = Error>;
[INFO] [stdout]    |                   ^^^^^^^^^^^^^^^^^^^^^^^^^^^^^^^^^^^^^^^^^^^^^^^^^^
[INFO] [stdout]    |
[INFO] [stdout]    = note: see issue #63063 <https://github.com/rust-lang/rust/issues/63063> for more information
[INFO] [stdout]    = help: add `#![feature(min_type_alias_impl_trait)]` to the crate attributes to enable
[INFO] [stdout] 
[INFO] [stdout] 
[INFO] [stdout] error[E0658]: `impl Trait` in type aliases is unstable
[INFO] [stdout]   --> src/operations.rs:98:19
[INFO] [stdout]    |
[INFO] [stdout] 98 |     type Parser = impl Parser<Item = Self, Next = (), Error = Error>;
[INFO] [stdout]    |                   ^^^^^^^^^^^^^^^^^^^^^^^^^^^^^^^^^^^^^^^^^^^^^^^^^^
[INFO] [stdout]    |
[INFO] [stdout]    = note: see issue #63063 <https://github.com/rust-lang/rust/issues/63063> for more information
[INFO] [stdout]    = help: add `#![feature(min_type_alias_impl_trait)]` to the crate attributes to enable
[INFO] [stdout] 
[INFO] [stdout] 
[INFO] [stdout] error[E0658]: `impl Trait` in type aliases is unstable
[INFO] [stdout]    --> src/operations.rs:106:19
[INFO] [stdout]     |
[INFO] [stdout] 106 |     type Parser = impl Parser<Item = Self, Next = (), Error = Error>;
[INFO] [stdout]     |                   ^^^^^^^^^^^^^^^^^^^^^^^^^^^^^^^^^^^^^^^^^^^^^^^^^^
[INFO] [stdout]     |
[INFO] [stdout]     = note: see issue #63063 <https://github.com/rust-lang/rust/issues/63063> for more information
[INFO] [stdout]     = help: add `#![feature(min_type_alias_impl_trait)]` to the crate attributes to enable
[INFO] [stdout] 
[INFO] [stdout] 
[INFO] [stdout] error[E0658]: `impl Trait` in type aliases is unstable
[INFO] [stdout]    --> src/operations.rs:430:25
[INFO] [stdout]     |
[INFO] [stdout] 430 |     pub type OpParser = impl crate::Parser<Item = Operator, Next = (), Error = Error> + Clone;
[INFO] [stdout]     |                         ^^^^^^^^^^^^^^^^^^^^^^^^^^^^^^^^^^^^^^^^^^^^^^^^^^^^^^^^^^^^^^^^^^^^^
[INFO] [stdout]     |
[INFO] [stdout]     = note: see issue #63063 <https://github.com/rust-lang/rust/issues/63063> for more information
[INFO] [stdout]     = help: add `#![feature(min_type_alias_impl_trait)]` to the crate attributes to enable
[INFO] [stdout] 
[INFO] [stdout] 
[INFO] [stdout] error[E0658]: `impl Trait` in type aliases is unstable
[INFO] [stdout]   --> src/parse.rs:29:19
[INFO] [stdout]    |
[INFO] [stdout] 29 |       type Parser = impl Parser<Item = Self, Next = (), Error = Error>
[INFO] [stdout]    |  ___________________^
[INFO] [stdout] 30 | |         + wasm_reader_traits::CollectHelper<Error>
[INFO] [stdout] 31 | |         + Clone;
[INFO] [stdout]    | |_______________^
[INFO] [stdout]    |
[INFO] [stdout]    = note: see issue #63063 <https://github.com/rust-lang/rust/issues/63063> for more information
[INFO] [stdout]    = help: add `#![feature(min_type_alias_impl_trait)]` to the crate attributes to enable
[INFO] [stdout] 
[INFO] [stdout] 
[INFO] [stdout] error[E0658]: `impl Trait` in type aliases is unstable
[INFO] [stdout]   --> src/parse.rs:63:19
[INFO] [stdout]    |
[INFO] [stdout] 63 |       type Parser = impl Parser<Item = Self, Next = (), Error = Error>
[INFO] [stdout]    |  ___________________^
[INFO] [stdout] 64 | |         + wasm_reader_traits::CollectHelper<Error>
[INFO] [stdout] 65 | |         + Clone;
[INFO] [stdout]    | |_______________^
[INFO] [stdout]    |
[INFO] [stdout]    = note: see issue #63063 <https://github.com/rust-lang/rust/issues/63063> for more information
[INFO] [stdout]    = help: add `#![feature(min_type_alias_impl_trait)]` to the crate attributes to enable
[INFO] [stdout] 
[INFO] [stdout] 
[INFO] [stdout] error[E0658]: `impl Trait` in type aliases is unstable
[INFO] [stdout]   --> src/parse.rs:85:19
[INFO] [stdout]    |
[INFO] [stdout] 85 |     type Parser = impl Parser<Item = Self, Next = (), Error = Error>;
[INFO] [stdout]    |                   ^^^^^^^^^^^^^^^^^^^^^^^^^^^^^^^^^^^^^^^^^^^^^^^^^^
[INFO] [stdout]    |
[INFO] [stdout]    = note: see issue #63063 <https://github.com/rust-lang/rust/issues/63063> for more information
[INFO] [stdout]    = help: add `#![feature(min_type_alias_impl_trait)]` to the crate attributes to enable
[INFO] [stdout] 
[INFO] [stdout] 
[INFO] [stdout] warning: the feature `type_alias_impl_trait` is incomplete and may not be safe to use and/or cause compiler crashes
[INFO] [stdout]  --> src/lib.rs:1:24
[INFO] [stdout]   |
[INFO] [stdout] 1 | #![feature(never_type, type_alias_impl_trait, specialization)]
[INFO] [stdout]   |                        ^^^^^^^^^^^^^^^^^^^^^
[INFO] [stdout]   |
[INFO] [stdout]   = note: `#[warn(incomplete_features)]` on by default
[INFO] [stdout]   = note: see issue #63063 <https://github.com/rust-lang/rust/issues/63063> for more information
[INFO] [stdout] 
[INFO] [stdout] 
[INFO] [stdout] warning: the feature `specialization` is incomplete and may not be safe to use and/or cause compiler crashes
[INFO] [stdout]  --> src/lib.rs:1:47
[INFO] [stdout]   |
[INFO] [stdout] 1 | #![feature(never_type, type_alias_impl_trait, specialization)]
[INFO] [stdout]   |                                               ^^^^^^^^^^^^^^
[INFO] [stdout]   |
[INFO] [stdout]   = note: see issue #31844 <https://github.com/rust-lang/rust/issues/31844> for more information
[INFO] [stdout]   = help: consider using `min_specialization` instead, which is more stable and complete
[INFO] [stdout] 
[INFO] [stdout] 
[INFO] [stdout] error: aborting due to 7 previous errors; 2 warnings emitted
[INFO] [stdout] 
[INFO] [stdout] 
[INFO] [stdout] For more information about this error, try `rustc --explain E0658`.
[INFO] [stdout] 
[INFO] [stderr] error: could not compile `wasm-reader`
[INFO] [stderr] 
[INFO] [stderr] To learn more, run the command again with --verbose.
[INFO] running `Command { std: "docker" "inspect" "0c1c203bf3c7fb985d69be17eecefd49e6a0d8dd032dc0ab4ec59caad582a4f5", kill_on_drop: false }`
[INFO] running `Command { std: "docker" "rm" "-f" "0c1c203bf3c7fb985d69be17eecefd49e6a0d8dd032dc0ab4ec59caad582a4f5", kill_on_drop: false }`
[INFO] [stdout] 0c1c203bf3c7fb985d69be17eecefd49e6a0d8dd032dc0ab4ec59caad582a4f5
